the greatest common divisor of 1485 and 5522715.
1485
Calculate the highest common divisor of 1672 and 79192.
152
Calculate the highest common factor of 392307 and 9.
3
Calculate the highest common divisor of 169 and 207701.
169
Calculate the highest common divisor of 11681 and 1.
1
Calculate the greatest common factor of 271225 and 285.
95
What is the greatest common factor of 10 and 277765?
5
Calculate the highest common factor of 489210 and 15870.
690
What is the highest common divisor of 483 and 4935?
21
What is the highest common factor of 1720 and 6290?
10
Calculate the greatest common factor of 1673865 and 90.
45
Calculate the highest common divisor of 128270 and 20.
10
What is the highest common factor of 1718 and 2380289?
859
Calculate the highest common divisor of 17365 and 40770.
755
What is the greatest common factor of 33 and 1983?
3
Calculate the highest common factor of 3776 and 2537.
59
What is the highest common divisor of 293096 and 8?
8
What is the highest common factor of 7923 and 323?
19
What is the greatest common factor of 575 and 296500?
25
Calculate the greatest common divisor of 7904132 and 124.
124
Calculate the greatest common divisor of 19193 and 1343.
17
Calculate the highest common divisor of 2824282 and 2.
2
Calculate the highest common divisor of 5 and 565575.
5
What is the greatest common divisor of 12591 and 27?
9
Calculate the greatest common divisor of 44 and 16775.
11
Calculate the greatest common divisor of 13986 and 945.
189
What is the greatest common divisor of 10 and 120565?
5
Calculate the highest common factor of 7 and 185248.
7
What is the highest common divisor of 284 and 356?
4
Calculate the highest common divisor of 383325 and 209.
19
What is the highest common divisor of 2647053 and 51?
51
Calculate the greatest common divisor of 10816 and 448.
64
What is the greatest common factor of 120031 and 145?
29
What is the highest common divisor of 739223 and 37?
37
What is the greatest common divisor of 4396 and 21854?
14
What is the highest common factor of 13060 and 850?
10
What is the greatest common factor of 11 and 9515?
11
What is the highest common divisor of 8109 and 53?
53
What is the highest common divisor of 153442 and 306?
34
What is the highest common divisor of 189 and 195993?
189
What is the highest common factor of 2067 and 91?
13
Calculate the highest common divisor of 31 and 275280.
31
What is the highest common factor of 45981 and 10179?
351
What is the greatest common divisor of 10586 and 1422?
158
What is the greatest common divisor of 54284 and 1394?
82
Calculate the greatest common factor of 494 and 317642.
494
Calculate the highest common divisor of 1002 and 1626.
6
What is the highest common divisor of 576 and 70128?
144
Calculate the highest common divisor of 17028 and 324.
36
What is the highest common divisor of 780 and 1664?
52
Calculate the highest common factor of 140 and 16940.
140
What is the highest common factor of 9424 and 589?
589
Calculate the greatest common divisor of 121698 and 1494.
18
What is the highest common factor of 9520 and 2800?
560
What is the greatest common divisor of 138 and 10786310?
46
Calculate the greatest common factor of 248 and 422468.
124
What is the greatest common divisor of 115 and 2281715?
115
Calculate the highest common factor of 45 and 2255.
5
Calculate the greatest common divisor of 594030 and 330.
30
What is the greatest common divisor of 1408 and 752?
16
What is the greatest common divisor of 3942 and 6642?
54
What is the greatest common divisor of 255476 and 52?
52
Calculate the greatest common factor of 330554 and 10.
2
What is the highest common divisor of 3102 and 122106?
282
What is the greatest common divisor of 301784 and 2618?
238
Calculate the highest common divisor of 2457 and 3618.
27
What is the highest common divisor of 21 and 2757?
3
What is the highest common divisor of 922501 and 73?
73
What is the highest common divisor of 18 and 113382?
18
What is the greatest common divisor of 166883 and 2537?
43
What is the greatest common factor of 86427 and 324?
81
Calculate the greatest common divisor of 13072 and 24.
8
Calculate the greatest common divisor of 122022 and 18.
18
What is the highest common divisor of 71340 and 82820?
820
Calculate the greatest common factor of 160 and 22130.
10
Calculate the greatest common factor of 15 and 12981.
3
What is the greatest common divisor of 258 and 328262?
86
Calculate the greatest common divisor of 75 and 7680.
15
Calculate the highest common divisor of 287 and 161.
7
What is the highest common factor of 116 and 235828?
116
What is the highest common factor of 422 and 20467?
211
What is the highest common factor of 757146 and 1768?
442
Calculate the highest common factor of 13 and 180869.
13
Calculate the greatest common factor of 119750 and 250.
250
Calculate the highest common factor of 234 and 62946.
234
Calculate the greatest common divisor of 658 and 202053.
47
Calculate the greatest common factor of 3876 and 6630.
102
Calculate the greatest common factor of 1731 and 257919.
1731
What is the greatest common factor of 290 and 1380458?
58
Calculate the greatest common divisor of 449291 and 37.
37
What is the greatest common divisor of 15612 and 504?
12
Calculate the highest common divisor of 3883 and 3817.
11
What is the highest common factor of 345 and 1839885?
345
What is the greatest common factor of 2133 and 1350?
27
Calculate the greatest common divisor of 129876 and 44388.
1644
What is the highest common divisor of 1592 and 8?
8
Calculate the greatest common factor of 2805 and 529125.
255
Calculate the highest common factor of 4136 and 1584.
88
What is the highest common factor of 932 and 217622?
466
What is the highest common factor of 1889312 and 391?
391
Calculate the greatest common divisor of 186984 and 78.
6
Calculate the highest common divisor of 584 and 1777404.
292
Calculate the highest common factor of 180 and 5340.
60
What is the highest common factor of 7360 and 250700?
460
Calculate the greatest common divisor of 211350 and 450.
150
What is the greatest common factor of 62049 and 429?
39
What is the greatest common divisor of 196 and 16513?
49
Calculate the greatest common factor of 6125 and 17885.
245
What is the highest common divisor of 44 and 626021?
11
What is the highest common factor of 273211 and 2444?
47
What is the highest common factor of 28424 and 304?
152
What is the greatest common divisor of 63366 and 17184?
1074
What is the greatest common factor of 74146 and 6550?
262
What is the greatest common divisor of 87986 and 697?
41
Calculate the highest common factor of 404 and 604.
4
Calculate the highest common factor of 6468 and 1340724.
924
Calculate the greatest common divisor of 121341 and 77.
11
What is the highest common divisor of 33 and 40205?
11
Calculate the greatest common factor of 52410 and 90.
30
What is the greatest common divisor of 249 and 1328?
83
What is the highest common factor of 661010 and 735?
245
What is the greatest common factor of 52350 and 450?
150
What is the greatest common factor of 72688 and 14278?
1298
What is the greatest common divisor of 6030 and 5580?
90
Calculate the highest common factor of 11745 and 203310.
405
What is the greatest common factor of 5126 and 4427?
233
What is the greatest common factor of 35776 and 16211?
559
What is the greatest common divisor of 1211700 and 112?
28
Calculate the greatest common divisor of 1855 and 7840.
35
What is the highest common divisor of 42 and 17416?
14
What is the highest common factor of 300 and 414735?
15
What is the highest common factor of 869426 and 248?
62
What is the highest common factor of 19500 and 19750?
250
Calculate the greatest common factor of 1 and 24239.
1
What is the greatest common divisor of 3379 and 3007?
31
What is the greatest common factor of 3975 and 30725?
25
Calculate the greatest common divisor of 5754 and 21798.
42
Calculate the greatest common factor of 222 and 48.
6
What is the highest common factor of 302 and 259418?
302
What is the highest common factor of 103155 and 69?
69
Calculate the highest common divisor of 2988 and 204.
12
What is the highest common factor of 343 and 298802?
49
Calculate the greatest common factor of 35